{"id":650,"date":"2014-06-23T00:18:23","date_gmt":"2014-06-22T22:18:23","guid":{"rendered":"http:\/\/andre.mabande.se\/texter\/?page_id=650"},"modified":"2014-06-23T00:25:46","modified_gmt":"2014-06-22T22:25:46","slug":"apfallan","status":"publish","type":"page","link":"http:\/\/andre.mabande.se\/texter\/dark-patterns-att-skapa-fallor-for-dig\/apfallan","title":{"rendered":"Apf\u00e4llan"},"content":{"rendered":"<p>Enligt s\u00e4gnen anv\u00e4nder sig en del byar i s\u00f6dra Indien av ett speciellt s\u00e4tt att snara apor: ett h\u00e5l gr\u00e4vs som \u00e4r tillr\u00e4ckligt djupt och vitt f\u00f6r att en apa precis ska f\u00e5 ner armen och i botten g\u00f6rs en utvidgning d\u00e4r det l\u00e4ggs mat.<\/p>\n<p>Apan som uppt\u00e4cker matskatten str\u00e4cker sig efter den, f\u00e5ngar en n\u00e4ve full &#8211; och sitter fast. Den kan l\u00f6sa problemet genom att sl\u00e4ppa maten, men \u00e4r s\u00e5 h\u00e5rdkodad p\u00e5 att h\u00e5lla kvar vid f\u00f6dan att den inte ens t\u00e4nker tanken.<\/p>\n<p>Apf\u00e4llan \u00e4r sannolikt folklore<sup>1<\/sup>, men \u00e4r \u00e4nd\u00e5 en bra metafor f\u00f6r m\u00f6nstret att f\u00e5nga in anv\u00e4ndaren genom att locka med en stor bel\u00f6ning f\u00f6r en liten investering. M\u00f6nstret r\u00e4knar med att vi inte vill f\u00f6rlora insatsen &#8211; bara kostnaden inte \u00e4r omedelbart uppenbar eller direkt.<\/p>\n<p>Det \u00f6vertydliga exemplet \u00e4r spel-\/t\u00e4vlingssiter d\u00e4r man f\u00f6r en liten summa har m\u00f6jligheten att vinna stort, men oftast g\u00e5r back \u00e4ven om man vinner n\u00e5n g\u00e5ng ibland.<\/p>\n<p>Det enda s\u00e4ttet att ta sig loss \u00e4r att sl\u00e4ppa prestigen, f\u00f6rs\u00f6ka gl\u00f6mma den tid och resurser som investerats och bara l\u00e4mna allt.<br \/>\n___<br \/>\n<sup>1<\/sup> <a title=\"Wiktionary: Monkey trap\" href=\"https:\/\/en.wiktionary.org\/wiki\/monkey_trap\" target=\"_blank\">Monkey trap<\/a>, Wiktionary.org<\/p>\n","protected":false},"excerpt":{"rendered":"<p>Enligt s\u00e4gnen anv\u00e4nder sig en del byar i s\u00f6dra Indien av ett speciellt s\u00e4tt att snara apor: ett h\u00e5l gr\u00e4vs som \u00e4r tillr\u00e4ckligt djupt och vitt f\u00f6r att en apa precis ska f\u00e5 ner armen och i botten g\u00f6rs en utvidgning d\u00e4r det l\u00e4ggs mat. Apan som uppt\u00e4cker matskatten str\u00e4cker sig efter den, f\u00e5ngar en [&hellip;]<\/p>\n","protected":false},"author":1,"featured_media":0,"parent":602,"menu_order":5,"comment_status":"closed","ping_status":"closed","template":"","meta":{"footnotes":""},"class_list":["post-650","page","type-page","status-publish","hentry"],"_links":{"self":[{"href":"http:\/\/andre.mabande.se\/texter\/wp-json\/wp\/v2\/pages\/650","targetHints":{"allow":["GET"]}}],"collection":[{"href":"http:\/\/andre.mabande.se\/texter\/wp-json\/wp\/v2\/pages"}],"about":[{"href":"http:\/\/andre.mabande.se\/texter\/wp-json\/wp\/v2\/types\/page"}],"author":[{"embeddable":true,"href":"http:\/\/andre.mabande.se\/texter\/wp-json\/wp\/v2\/users\/1"}],"replies":[{"embeddable":true,"href":"http:\/\/andre.mabande.se\/texter\/wp-json\/wp\/v2\/comments?post=650"}],"version-history":[{"count":5,"href":"http:\/\/andre.mabande.se\/texter\/wp-json\/wp\/v2\/pages\/650\/revisions"}],"predecessor-version":[{"id":658,"href":"http:\/\/andre.mabande.se\/texter\/wp-json\/wp\/v2\/pages\/650\/revisions\/658"}],"up":[{"embeddable":true,"href":"http:\/\/andre.mabande.se\/texter\/wp-json\/wp\/v2\/pages\/602"}],"wp:attachment":[{"href":"http:\/\/andre.mabande.se\/texter\/wp-json\/wp\/v2\/media?parent=650"}],"curies":[{"name":"wp","href":"https:\/\/api.w.org\/{rel}","templated":true}]}}